u be 4 + 2/(-8)*0. Suppose -21 = 2*q - u*z - 87, 3*q - 59 = -4*z. List the prime factors of q.
5
Let c(q) = -26*q**3 + 4*q**2 - 5. List the prime factors of c(-3).
733
Let q = 22 - 16. Suppose q - 310 = -4*i. What are the prime factors of i?
2, 19
Let g(c) = c**3 + 14*c**2 + c + 15. Let j be g(-14). Suppose h = j + 19. Let s = 21 + h. What are the prime factors of s?
41
Suppose -i - 4*l - l = 8, 4*i - 18 = 5*l. Suppose 3*s + 0*s = 2*w - 257, w - i*s = 128. List the prime factors of w.
2, 5, 13
Suppose p - 606 + 328 = 0. What are the prime factors of p?
2, 139
Suppose 4*c = n + 885, 0 = -0*c - 2*c + n + 441. Let x = c - 122. What are the prime factors of x?
2, 5
Suppose -11452 = -15*v + 638. List the prime factors of v.
2, 13, 31
Suppose -a - 3*a = 208. Let j be (5 + -2)*a/(-3). Suppose 3*v - 5*b = j, 8*v + 5*b = 4*v + 81. List the prime factors of v.
19
Suppose -14*p + 7257 = 5*m - 12*p, 0 = -4*m - 4*p + 5796. List the prime factors of m.
1453
Let f be 16/(4*-1) - 0. Let a be (15 - (-12)/f)/(-1). Let w = -9 - a. List the prime factors of w.
3
Suppose 4*f + 12 = 0, 0 = -4*c + 5*c + 3*f - 7. Suppose 3*t - 2 = 3*n + 10, -4*n + c = 0. Let g(x) = -x**3 + 7*x**2 + 9*x + 4. List the prime factors of g(t).
2, 3
Let t = 978 - 670. What are the prime factors of t?
2, 7, 11
Suppose -56*p + 63*p - 567 = 0. What are the prime factors of p?
3
What are the prime factors of 9 - -53 - (-4 - 1)?
67
Let o(n) = -n**2 - n + 1. Let b(t) = -3*t**2 + 2*t + 7. Let a(y) = -b(y) + o(y). Let w be 2 + 4*2/4. List the prime factors of a(w).
2, 7
Let n(k) = 8*k**3 - 3*k**2 + 29*k - 3. What are the prime factors of n(3)?
3, 7, 13
Let w(d) = d**3 - 11*d**2 + 10*d - 15. Let c be w(11). Let y = 45 + c. List the prime factors of y.
2, 5, 7
Let q(n) = n**3 + 3*n**2 - 2. Suppose 0*z = -2*z - 4. Let b be q(z). Suppose -5 + 31 = b*r. What are the prime factors of r?
13
Let b = 110 + -113. What are the prime factors of (b/30*2)/(9/(-135))?
3
Let g(k) = -k**3 + 7*k**2 + 11*k + 10. Let s be g(9). Let o = s - -81. Let r = -15 + o. What are the prime factors of r?
13
Let h be 0*(-4)/(-36)*3. Suppose -12*y + 8*y + 1304 = h. What are the prime factors of y?
2, 163
Suppose p - 9 = -4*z, -z + 3*p + 0*p = 1. Let k(g) be the second derivative of 2*g**3/3 + 3*g**2/2 + 4*g. List the prime factors of k(z).
11
Let y = 16 - 14. Suppose 0 = -a - y*a. Suppose -c - 43 = -f - 4*c, a = -5*c. What are the prime factors of f?
43
Let l(c) = c**2 - 17*c + 14. Let x be (-552)/(-24) - 3*2/3. List the prime factors of l(x).
2, 7
Suppose -4*n - t = 2*t + 36, -3*n + 2*t = 44. Let a = n + 12. Suppose 5*o = q + 77, -4*q + 8 + 4 = a. List the prime factors of o.
2
Suppose -9*s + 2213 + 5221 = 0. What are the prime factors of s?
2, 7, 59
Let r be ((-54)/8)/((-6)/(-16)). Let s = 102 + -99. List the prime factors of (-86)/s*27/r.
43
Let u(l) = 1225*l**2 + 11*l - 13. What are the prime factors of u(1)?
1223
Let d(s) = -3*s**3 + s**2 - 2*s - 4. Let k be d(3). Let n = k - -118. Let o = n + 1. List the prime factors of o.
37
Suppose 469 + 1035 = 3*z + 5*h, 5*z - 2*h = 2548. List the prime factors of z.
2, 127
Let h(k) = 54*k**2 + 3*k + 2. Let n be h(-1). Suppose 0 = 5*t + 3*a + n, -7*a + 3*a - 24 = 2*t. Let j = t - -14. List the prime factors of j.
2
Suppose v = -38 + 44. Let x = v - -47. What are the prime factors of x?
53
Suppose -22*f + 1596 = -19*f. What are the prime factors of f?
2, 7, 19
Suppose -17 = -n - 15. What are the prime factors of 1769/(-58)*(-1*n + 0)?
61
Suppose 7*s = 14*s - 84. Let o(w) = w**2 + 4*w - 4. Let z be o(-4). List the prime factors of (-91)/z - s/16.
2, 11
Let p be ((-6)/(-9))/((-1)/(-3)). Suppose 2*z + 0*v - 18 = -5*v, -4*z = 2*v - 20. Suppose 6 + z = p*q. What are the prime factors of q?
5
List the prime factors of (-11 - -39)*(-70)/(-4).
2, 5, 7
Suppose 0 = 5*x - 4*w - 648, 2*x = w + 249 + 12. Let n(b) = 20*b + 4. Let k be n(-4). Let o = x + k. What are the prime factors of o?
2, 7
Suppose -30*y + 616 = -3434. What are the prime factors of y?
3, 5
Let h = -58 - -273. Suppose 4*r - h = 501. List the prime factors of r.
179
Suppose 7 = 5*i + 2*s - 35, -2*i + 28 = -2*s. Suppose 2*a - i = 4. Let j = a + -3. List the prime factors of j.
2
Let y(j) be the third derivative of -j**6/240 - j**5/15 + j**4/4 + 6*j**2. Let o(l) be the second derivative of y(l). List the prime factors of o(-12).
2, 7
Let u(c) = -13*c + 1. Let h(w) = -13*w + 1. Let k be (6/18)/((-2)/(-30)). Let y(a) = k*h(a) - 4*u(a). What are the prime factors of y(-2)?
3
Suppose 0 = -2*b - k + 4*k + 6, 4 = 2*b - 2*k. Suppose b = -a + 2*a + 10. List the prime factors of a/25 + (-97)/(-5).
19
Let c(l) be the first derivative of -l**4/4 - l**3/3 - l**2 + 25*l + 14. List the prime factors of c(0).
5
Let z(m) = -m**2 + 10*m + 6. Let i be z(7). Let t be 48/i + (-6)/(-27). Suppose t*a = -r + 10, -r - a = r - 32. What are the prime factors of r?
2, 3
Suppose 0 = -4*a + 3*v + 17, -2*a + 7 = 3*a + v. Suppose -a*j = 5*h - 560, j = 4*h - j - 430. What are the prime factors of h?
2, 5, 11
Let o(b) = b**3 - 13*b**2 - 19*b. Let g be o(14). Let h = g - -101. List the prime factors of h.
31
Suppose 129*o - 7740 = 84*o. List the prime factors of o.
2, 43
Suppose -257 = -2*f - 75. Suppose 0 = -5*x + 664 + f. What are the prime factors of x?
151
Let j = 51 + -41. Let x = 44 - j. List the prime factors of x.
2, 17
Suppose -2*m = -3*c + 5372, -4*c + 2*m + 7148 = 3*m. List the prime factors of 2/(-11) - c/(-33).
2, 3
Let r(x) = -146*x + 11. What are the prime factors of r(-2)?
3, 101
Let f = 3633 - 1279. What are the prime factors of f?
2, 11, 107
Suppose w = -5*k + 3651, 30*w - 26*w = -16. What are the prime factors of k?
17, 43
Let i = -10 + 47. Let g = i + 50. Let j = g + -48. What are the prime factors of j?
3, 13
Suppose 0 = -12*w + 7*w + 14480. What are the prime factors of w?
2, 181
Let k be (-4)/(-1) - 0/(-4). Suppose -4*p = -k*s + 344, -5*p + p + 160 = 2*s. List the prime factors of s.
2, 3, 7
Let o = -3864 - -5688. What are the prime factors of o?
2, 3, 19
Let z(h) be the first derivative of h**3 + 4*h**2 + 3*h - 1. Let m be z(-5). Let a = -13 + m. What are the prime factors of a?
5
Suppose 0 = -3*p - p + 432. Let t = p - 32. List the prime factors of t.
2, 19
Suppose 0 = 4*f - 16, -19 = h + 3*f + 58. Let i = -76 - h. List the prime factors of i.
13
Let j = 394 - 291. What are the prime factors of j?
103
Suppose -19*m + 16*m - 27 = 0. Let b be (-236)/m - 2/9. Suppose 0 = l - 4*x - b, -l - 2*l + 46 = 4*x. What are the prime factors of l?
2, 3
Let o be 18*(-2 + 21/9). Suppose -2*r + o = -4. What are the prime factors of 25 - (-3 - (r - 4))?
29
Let x(w) be the second derivative of -w**5/20 + w**4/3 - w**3/6 - 7*w**2/2 - 10*w. What are the prime factors of x(-4)?
5
Suppose -3*j = -2*j + 2*c - 8, 4*j - 20 = -2*c. Suppose 0 = 3*n + z - 6, 0 = 4*n - j*z - 0*z - 8. Suppose -3*i + 80 = n*i. What are the prime factors of i?
2
Suppose -108 = -y + 3*x, 0 = 4*y - 3*x - 472 + 67. What are the prime factors of y?
3, 11
Let n = -329 + 1082. List the prime factors of n.
3, 251
Let k(s) = -10*s**3 - 3*s**2 - 4*s + 9. What are the prime factors of k(-6)?
3, 5, 139
Suppose -48*u + 53*u - 825 = 0. Let v = u - 107. What are the prime factors of v?
2, 29
Suppose -958 = -3*z + 3*i + 839, -4*i - 1801 = -3*z. What are the prime factors of z?
5, 7, 17
Let b(z) = z**2 + 9*z + 10. Let a be b(-8). Let q be 766/8 + (-3)/(-12). Suppose -a*v + q = 5*i, -3*i - 3*v + 99 = 2*i. What are the prime factors of i?
2, 3
Let b = -465 + 1023. What are the prime factors of b?
2, 3, 31
Suppose -5*z - 2*y + 4 = -4, -2*y = -5*z + 12. Let b be (z - 0) + (-27)/(-9). Suppose -b*p - 44 = -7*p. What are the prime factors of p?
2, 11
Let j be 342/24 - ((-1)/(-4) + 0). Suppose -9*b + j*b = 465. List the prime factors of b.
3, 31
Let s(k) = -k. Let d(m) = -13*m + 3. Let o(z) = d(z) - 2*s(z). Let t be o(-10). Suppose -4*v = -t + 9. List the prime factors of v.
2, 13
Suppose 49*d - 53*d + 8 = 0. List the prime factors of d.
2
Let z = -22 + 20. List the prime factors of 542/5 - ((-39)/15 - z).
109
List the prime factors of (3 - 4704)/((-8)/8).
3, 1567
Let j(k) = 22*k - 227. List the prime factors of j(48).
829
Let u(s) = -13*s + 9. Let q(b) = 25*b - 17. Let o(l) = 6*q(l) + 11*u(l). Suppose j + 2*z +